{"id":1178,"date":"2026-02-04T14:49:25","date_gmt":"2026-02-04T14:49:25","guid":{"rendered":"http:\/\/www.escolasystemnews.com.br\/?page_id=1178"},"modified":"2026-03-25T12:47:10","modified_gmt":"2026-03-25T12:47:10","slug":"cursos-area-tecnica","status":"publish","type":"page","link":"https:\/\/www.escolasystemnews.com.br\/?page_id=1178","title":{"rendered":"Cursos \u00c1rea T\u00e9cnica"},"content":{"rendered":"\n<p class=\"has-text-align-center has-large-font-size\"><strong>T\u00c9CNICO EM T.I &#8211; 9 MESES (78 Horas)<\/strong><\/p>\n\n\n\n<ul class=\"wp-block-list has-medium-font-size\">\n<li class=\"has-medium-font-size\">Hardware<\/li>\n\n\n\n<li class=\"has-medium-font-size\">Redes<\/li>\n\n\n\n<li class=\"has-medium-font-size\">Notebook<\/li>\n<\/ul>\n\n\n\n<p class=\"has-text-align-center has-large-font-size\"><strong>INFORM\u00c1TICA &#8211; 9 MESES(78 Horas)<\/strong><\/p>\n\n\n\n<ul class=\"wp-block-list has-medium-font-size\">\n<li>Windows<\/li>\n\n\n\n<li class=\"has-medium-font-size\">Word<\/li>\n\n\n\n<li>Excel<\/li>\n\n\n\n<li>Power Point<\/li>\n\n\n\n<li>I.A<\/li>\n<\/ul>\n\n\n\n<p class=\"has-text-align-center has-large-font-size\"><strong>CONSERTO DE CELULAR &#8211; 6 MESES (56 Horas)<\/strong><\/p>\n\n\n\n<ul class=\"wp-block-list has-medium-font-size\">\n<li>Introdu\u00e7\u00e3o ao Smartphone<\/li>\n\n\n\n<li>Soldagem<\/li>\n\n\n\n<li class=\"has-medium-font-size\">Software<\/li>\n<\/ul>\n\n\n\n<p class=\"has-text-align-center has-large-font-size\"><strong>Programa\u00e7\u00e3o(Em Breve)<\/strong><\/p>\n\n\n\n<p class=\"has-text-align-center has-large-font-size\"><strong>Rob\u00f3tica(Em Breve)<\/strong><\/p>\n\n\n\n<p><\/p>\n","protected":false},"excerpt":{"rendered":"<p>T\u00c9CNICO EM T.I &#8211; 9 MESES (78 Horas) INFORM\u00c1TICA &#8211; 9 MESES(78 Horas) CONSERTO DE CELULAR &#8211; 6 MESES (56 Horas) Programa\u00e7\u00e3o(Em Breve) Rob\u00f3tica(Em Breve)<\/p>\n","protected":false},"author":2,"featured_media":0,"parent":0,"menu_order":0,"comment_status":"closed","ping_status":"closed","template":"elementor_theme","meta":{"footnotes":""},"class_list":["post-1178","page","type-page","status-publish","hentry"],"aioseo_notices":[],"_links":{"self":[{"href":"https:\/\/www.escolasystemnews.com.br\/index.php?rest_route=\/wp\/v2\/pages\/1178","targetHints":{"allow":["GET"]}}],"collection":[{"href":"https:\/\/www.escolasystemnews.com.br\/index.php?rest_route=\/wp\/v2\/pages"}],"about":[{"href":"https:\/\/www.escolasystemnews.com.br\/index.php?rest_route=\/wp\/v2\/types\/page"}],"author":[{"embeddable":true,"href":"https:\/\/www.escolasystemnews.com.br\/index.php?rest_route=\/wp\/v2\/users\/2"}],"replies":[{"embeddable":true,"href":"https:\/\/www.escolasystemnews.com.br\/index.php?rest_route=%2Fwp%2Fv2%2Fcomments&post=1178"}],"version-history":[{"count":16,"href":"https:\/\/www.escolasystemnews.com.br\/index.php?rest_route=\/wp\/v2\/pages\/1178\/revisions"}],"predecessor-version":[{"id":1252,"href":"https:\/\/www.escolasystemnews.com.br\/index.php?rest_route=\/wp\/v2\/pages\/1178\/revisions\/1252"}],"wp:attachment":[{"href":"https:\/\/www.escolasystemnews.com.br\/index.php?rest_route=%2Fwp%2Fv2%2Fmedia&parent=1178"}],"curies":[{"name":"wp","href":"https:\/\/api.w.org\/{rel}","templated":true}]}}